 + 1/3*o**3 - 1/24*o**4 - 1/30*o**5 + 0. Suppose g + 23 = -5*c, -23 - 2 = 5*c. Determine p(g).
8
Let r(q) = q**2 + 4*q. Suppose 3*d = 3*a + 27, 3*a + 48 = -a - 2*d. Let n(b) = 5*b**2 + 21*b + 1. Let i(v) = a*r(v) + 2*n(v). What is i(-3)?
-1
Let l(r) = -2*r**3 + 7*r**2 + 2*r - 5. Let y(v) = -5*v**3 + 14*v**2 + 3*v - 11. Let q(i) = 7*l(i) - 3*y(i). Determine q(-6).
4
Let a(d) = d**3 + 2. Let k be 2/1 + -5 + -2. Let u be (-1)/(-3)*(4 - k). Suppose 3*o + c = 2, -5 = -5*o - u*c + 1. Determine a(o).
2
Let w(h) = h**2 + h - 5. Let x be w(0). Let t(d) = -d**2 - 6*d - 1. What is t(x)?
4
Let z(d) = 8 + d**3 - 20*d + 2*d**3 - 2*d**3 + d**2 + 21*d. Determine z(0).
8
Let k(q) = -6 - 3*q**2 + 8 - 3*q + 3*q**3 + 3*q. Calculate k(2).
14
Suppose -3*f - 2*f = -3*f. Let s(p) be the third derivative of -3*p**2 + 0*p + 1/24*p**4 + f - 3/2*p**3. Calculate s(0).
-9
Let g(y) be the second derivative of 1/60*y**5 + 0*y**2 + 0 - 1/2*y**3 + y - 3/8*y**4. Let q(r) be the second derivative of g(r). What is q(6)?
3
Let j(l) be the second derivative of -l**3/2 - 5*l**2/2 - 11*l. Give j(-4).
7
Let v(j) be the third derivative of j**5/20 - j**4/12 + j**3/3 + 3*j**2. Let p be v(2). Let a(t) = 2*t + t + p*t**3 - 4*t. Calculate a(-1).
-9
Let b(t) be the second derivative of -t**5/20 + 5*t**4/12 + t**3 - 2*t**2 + 2*t. Calculate b(6).
-4
Let t be (1 - 2*-2)*-1. Let u(w) be the first derivative of -w**6/360 - w**5/30 + w**4/8 + w**3/3 - 1. Let o(z) be the third derivative of u(z). Determine o(t).
-2
Let c(r) = -r**2 - 7*r + 5. Suppose 8*i - 3*i = 3*a - 39, -4*i - 4*a = 12. Determine c(i).
11
Let n(j) = 2*j**2 + 7*j + 5. Let q be n(-3). Let i(a) be the first derivative of 2*a**2 - 3 + 1/4*a**4 - 6*a + q*a**3. Determine i(-5).
-1
Let y(f) be the third derivative of -f**6/120 + f**5/60 - f**3/3 + 147*f**2. Let w(p) = p**2 - 4*p - 5. Let b be w(5). Determine y(b).
-2
Let g(u) = u - 1. Let o be g(0). Let n(p) be the first derivative of 7*p**2/2 + p - 14. Give n(o).
-6
Let b = -25 + 28. Let f(i) = -i**3 + 4*i**2 + 2*i - 1. What is f(b)?
14
Let q(y) = -y**3 + 3*y**2 + 2*y + 2. Let l(g) = g**2 + 1. Let w(x) = -x**3 - x**2 - 5. Let h(r) = -2*l(r) - w(r). Let n be h(0). Calculate q(n).
8
Let l(j) be the first derivative of j**6/360 - j**5/24 - j**4/12 + 10*j**3/3 + 9. Let k(x) be the third derivative of l(x). Determine k(6).
4
Suppose 14 = 4*a + 2. Let o(q) = -3*q**3 + 5*q**2 - 2*q + 2. Let j(t) be the first derivative of t**4/4 - t**2/2 + 3. Let v(p) = 2*j(p) + o(p). Give v(a).
8
Let v(p) = -p**3 - 6*p**2 + 7*p + 3. Let f be v(-7). Let w(c) = -c - 6. Let j(y) = -2*y - 7. Let o(s) = 3*j(s) - 4*w(s). Give o(f).
-3
Let p(i) = -i**3 - 6*i**2 - 4*i + 4. Let u be p(-5). Let m(j) = 32*j - 1 - 9*j**3 + 33*j - 65*j. What is m(u)?
8
Suppose 2*o - 3*y = -o - 9, 0 = -5*o + y + 5. Let u be (0/3)/o - 1. Let v(f) be the first derivative of -f**4/4 - f - 1. Give v(u).
0
Let j be 2 - (0 + 1) - 0. Suppose 0 = -3*m + 3*o + 21, 3*m = 6*o - 4*o + 17. Let c(f) = -26 + 26 - f - m*f**2. Give c(j).
-4
Let a(c) = c**2 - 7*c - 4. Suppose -t - 33 = -40. Calculate a(t).
-4
Suppose r + 3*r = 28. Suppose -r = -p - 4*z, 2*z = p - 6*p - 1. Let q(l) = l + 1. Determine q(p).
0
Let a(k) = -6*k + 13*k + 0 - 1. Let i = 0 + 1. What is a(i)?
6
Let a(f) = 4*f**2 + 9*f + 9. Let i = 5 - 8. Let g(w) = -w**2 - w - 1. Let v(n) = i*g(n) - a(n). Let r = -12 + 8. What is v(r)?
2
Suppose 2*y - 5*y + 18 = 0. Let r(g) = -g + 4. What is r(y)?
-2
Suppose -4*c - 24 = -4*w, -3*w = -5*c - 19 - 3. Let s(y) = -y**3 + 4*y**2 + 2*y - 1. Give s(w).
7
Let u(c) = -c**2 - 5*c + 6. Suppose 3*m + 6 + 12 = 0. Let d be 3*(-3)/m*-4. Let l be 5 - d/(-3) - 8. Give u(l).
6
Suppose -4*s + 0*s + 8 = 0. Let c(d) = s - 2*d + 6 + d**2 + 8*d - 3. Calculate c(-4).
-3
Let a be (-1)/1 + 8/2. Let l(r) = 1 - 2 + 2*r**a + r**2 - 2*r - r. Let v = 30 - 32. Determine l(v).
-7
Let h(p) = 4*p - 3. Let x be h(1). Let l(j) = 17*j**3 - 2*j**2 + 1. Calculate l(x).
16
Let q(h) = -10*h**2 - 5*h - 6. Let l(g) = -19*g**2 - 9*g - 11. Let v(p) = 6*p - 13. Let u be v(4). Let x(i) = u*q(i) - 6*l(i). Calculate x(-1).
5
Let a(v) = -v**2 - 2*v + 5. Let r be a(-4). Suppose -2*s - 5*w + 9 = 0, -5*w + w + 8 = 2*s. Let h(z) = -2 + 1 + 0*z**s + z + z**2. What is h(r)?
5
Let m(i) be the third derivative of -i**5/60 - 23*i**2. Determine m(3).
-9
Let s(y) = -y**3 - 10*y**2 - 10*y - 1. Let j be s(-9). Let h = j + -13. Let k(g) be the third derivative of -g**5/60 - 5*g**4/24 + g**3/6 + g**2. Give k(h).
1
Let g(j) be the first derivative of -3*j**2/2 - j - 6. What is g(3)?
-10
Let i(u) = 5*u**2 - 7*u - 21. Let z(v) = v**2 - 2*v - 5. Let n(w) = -2*i(w) + 9*z(w). Suppose 4*s + p = -2*p - 20, 5*p + 24 = -2*s. What is n(s)?
1
Let g(z) = -z + 9. Let b = -8 - -16. Calculate g(b).
1
Let n(t) be the third derivative of -t**6/120 - t**5/15 + 7*t**4/24 + t**3/2 + 69*t**2. Suppose w + 3 = -2. What is n(w)?
-7
Suppose -4 = 7*p + 38. Let t(c) = -c**2 - 6*c - 2. What is t(p)?
-2
Let h(f) = f + 1. Let m be h(1). Suppose -i + m - 1 = 0. Let t(a) = 4*a**2 - 1. What is t(i)?
3
Let z(x) = -x - 10 + 3*x**2 - x**3 + 19 - 10. Let y be (2 - 0/(-2)) + 0. Determine z(y).
1
Let s(i) be the second derivative of i**4/12 + i**3 + 6*i. Let x be s(-6). Let a(d) = -d**2 + d - 10. Determine a(x).
-10
Suppose 0*s = -2*s - 2. Let f(m) = -16*m**2 + m. Determine f(s).
-17
Let f(u) = -u**3 - 3*u**2 + 9*u - 3. Suppose t + 6*j - 13 = 3*j, 25 = 5*t + 5*j. Let s(d) = -d**2 + d - 1. Let h(w) = t*f(w) - 5*s(w). What is h(-2)?
10
Let b(y) = -4*y**3 + y**2 - y - 1. Let i(u) = -u**2 + 5*u - 1. Let h be i(5). Let m be b(h). Let v(f) = -f**2 + 4*f + 6. Calculate v(m).
1
Let y(u) = -6*u. Suppose -4*z - 4 = 2*w, -5*z - 5*w - 2 - 3 = 0. Let r be (z/1)/((-1)/2). Let a = -3 + r. Calculate y(a).
6
Let f(o) = o**2 - 4*o - 3. Let g be f(5). Let n be 6 + -5 - (1 - g). Let y(w) = -w**3 + w**2 + 2*w - 2. Determine y(n).
-2
Let a be (-9)/(-6) + 1/2. Let g(b) be the second derivative of b**7/840 - b**6/240 + b**4/12 + 2*b. Let m(p) be the third derivative of g(p). Calculate m(a).
6
Let p(k) be the second derivative of -k**6/360 - k**5/120 - k**4/12 + 5*k**3/6 + 5*k. Let a(y) be the second derivative of p(y). Calculate a(0).
-2
Let u(x) be the first derivative of 0*x + 1/2*x**2 - 2. Let k = 1 - 4. What is u(k)?
-3
Suppose -2*b = -14 + 2. Let y(n) be the first derivative of 1/4*n**4 + b*n + 0*n**2 - 1 - 5/3*n**3. Give y(5).
6
Let t(s) = 2. Let l(g) = g - 20. Let b(z) = l(z) + 5*t(z). Let i be (-156)/10 - 4/10. Let k = -11 - i. Calculate b(k).
-5
Let j(v) = -9*v**3 - 10*v**2 - 11*v - 2. Let t(a) = 5*a**3 + 5*a**2 + 6*a + 1. Let z(b) = 6*j(b) + 11*t(b). Determine z(5).
-1
Let z(p) be the first derivative of p**2/2 + 4*p - 1. Suppose -s - 2 = 5*k + s, 3*s = 4*k - 3. What is z(k)?
4
Suppose 0 = -4*a - 0*a + 24. Let s be (-6)/((-3)/(a/4)). Let b(d) = -7*d - 17. Let m(v) = -3*v - 8. Let i(u) = -4*b(u) + 9*m(u). What is i(s)?
-1
Let c(b) = b**3 - 2*b + 1. Let a be ((-15)/(-6))/(-5)*-4. What is c(a)?
5
Let t(m) = m**2 + 4*m + 6. Let s be t(-3). Let z(r) = s*r + 0*r**2 - r**2 + 11 - 10. Give z(4).
-3
Let k(a) = -a**2 + 5*a. Let q(h) = -2*h**3 - 2*h**2 + 2*h + 2. Let g be q(-2). Suppose -s + 4*s = g. Let p be (-15)/(-6)*4/s. What is k(p)?
0
Let w(f) = 2*f**2 + 8*f - 12. Let g(y) = -3*y**2 - 12*y + 18. Let c(p) = 5*g(p) + 8*w(p). What is c(-6)?
6
Let n(j) = j - 6. Let i be 9/2*16/12. Calculate n(i).
0
Let f(w) = 3*w**2 + w + 1. Suppose -z + 2*g = z - 8, 5*z - 2*g = 5. Determine f(z).
3
Let r(u) = -u**2 - 8*u - 9. Let o(v) = v**3 + 17*v**2 - 19*v - 24. Let t be o(-18). Determine r(t).
3
Let u(k) = k**3 - k**2 - k - 1. Let x(p) = 7*p**3 + p**2 - 14*p - 8. Let m(r) = -6*u(r) + x(r). Calculate m(-8).
-2
Let l(i) = i**2 - 5*i + 3. Suppose -4*p + 3*m + 2*m - 81 = 0, 0 = -m + 5. Let a = -8 - p. Give l(a).
9
Let t(l) be the third derivative of l**6/360 + l**5/20 - l**4/24 - l**2. Let a(v) be the second derivative of t(v). Let f be 2/10 + (-52)/10. Determine a(f).
-4
Let a be (-1)/((-2 + -1)/9). Let t(j) = a*j**3 + j**2 + 2*j**3 - 2 - 2*j**3 + 2*j. Let f(x) = -x**3 - x + 1. Let w(k) = 5*f(k) + 2*t(k). Give w(-3).
-5
Let o be ((-6)/9)/(4/6). Let y(h) = 7*h**2 - 2*h - 6. Let i(c) = -8*c**2 + 2*c + 7. Let b(n) = 5*i(n) + 6*y(n). Give b(o).
3
Let j be -1*(3 + -2) - 3. Let y(c) be the f